{"id":4037,"date":"2024-12-14T09:27:55","date_gmt":"2024-12-14T09:27:55","guid":{"rendered":"https:\/\/ms-hartkirchen.at\/?page_id=4037"},"modified":"2024-12-14T09:32:57","modified_gmt":"2024-12-14T09:32:57","slug":"projekte","status":"publish","type":"page","link":"https:\/\/ms-hartkirchen.at\/?page_id=4037","title":{"rendered":"Projekte"},"content":{"rendered":"\n<h2 class=\"wp-block-heading has-luminous-vivid-amber-background-color has-background\">Mittelschule Hartkirchen goes Musiktheater Linz<\/h2>\n\n\n\n<p>Dass im Linzer Musiktheater in der neuen Saison Wonderland gespielt wird, wussten die damaligen 3. Klassler:innen der Mittelschule im vergangenen April noch nicht. Gemeinsam mit der K\u00fcnstlerin Georgina Lovelady Krau\u00df entwickelten sie ihre eigenen Geschichten zu \u201eAlice im Wunderland\u201c. Alice f\u00e4llt dabei durch ein Zeitloch in ein Wunderland der Zukunft und begegnet allerlei Figuren und abenteuerlichen Herausforderungen. Die Motive wurden aus Linolplatten herausgeschnitzt und im Anschluss auf Stoff und Papier gedruckt. Entstanden sind dabei zwei gro\u00dfformatige Friese, die nun im Pausenfoyer des Musiktheaters ausgestellt sind. Am 11. Oktober konnten die K\u00fcnstler:innen das Musical pers\u00f6nlich ansehen und ihre Kunstwerke bewundern. Und noch ein Zufall kam den jugendlichen Besuchern zu Hilfe: Sie konnten die amerikanische Autorin des Musicals, Jennifer Paulson-Lee, die bei der Premiere verhindert war, an diesem Abend im Rahmen einer Musikwerkstatt des Dramaturgen Arne Beeker pers\u00f6nlich kennenlernen.<\/p>\n\n\n\n<p>Dieses Projekt wurde im Rahmen der OeAD-Initiative \u201eKultur:Bildung\u201d umgesetzt.<\/p>\n\n\n\n<figure class=\"wp-block-gallery has-nested-images columns-default is-cropped wp-block-gallery-1 is-layout-flex wp-block-gallery-is-layout-flex\">\n<figure class=\"wp-block-image size-large\"><img loading=\"lazy\" decoding=\"async\" width=\"1024\" height=\"768\" data-id=\"3926\" src=\"https:\/\/ms-hartkirchen.at\/wp-content\/uploads\/2024\/10\/20241012_211331-1024x768.jpg\" alt=\"\" class=\"wp-image-3926\" srcset=\"https:\/\/ms-hartkirchen.at\/wp-content\/uploads\/2024\/10\/20241012_211331-1024x768.jpg 1024w, https:\/\/ms-hartkirchen.at\/wp-content\/uploads\/2024\/10\/20241012_211331-300x225.jpg 300w, https:\/\/ms-hartkirchen.at\/wp-content\/uploads\/2024\/10\/20241012_211331-768x576.jpg 768w, https:\/\/ms-hartkirchen.at\/wp-content\/uploads\/2024\/10\/20241012_211331-1536x1152.jpg 1536w, https:\/\/ms-hartkirchen.at\/wp-content\/uploads\/2024\/10\/20241012_211331-2048x1536.jpg 2048w, https:\/\/ms-hartkirchen.at\/wp-content\/uploads\/2024\/10\/20241012_211331-360x270.jpg 360w\" sizes=\"auto, (max-width: 1024px) 100vw, 1024px\" \/><\/figure>\n\n\n\n<figure class=\"wp-block-image size-large\"><img loading=\"lazy\" decoding=\"async\" width=\"1024\" height=\"683\" data-id=\"3925\" src=\"https:\/\/ms-hartkirchen.at\/wp-content\/uploads\/2024\/10\/IMG_9605-1024x683.jpg\" alt=\"\" class=\"wp-image-3925\" srcset=\"https:\/\/ms-hartkirchen.at\/wp-content\/uploads\/2024\/10\/IMG_9605-1024x683.jpg 1024w, https:\/\/ms-hartkirchen.at\/wp-content\/uploads\/2024\/10\/IMG_9605-300x200.jpg 300w, https:\/\/ms-hartkirchen.at\/wp-content\/uploads\/2024\/10\/IMG_9605-768x512.jpg 768w, https:\/\/ms-hartkirchen.at\/wp-content\/uploads\/2024\/10\/IMG_9605-1536x1024.jpg 1536w, https:\/\/ms-hartkirchen.at\/wp-content\/uploads\/2024\/10\/IMG_9605-2048x1365.jpg 2048w\" sizes=\"auto, (max-width: 1024px) 100vw, 1024px\" \/><\/figure>\n\n\n\n<figure class=\"wp-block-image size-large\"><img loading=\"lazy\" decoding=\"async\" width=\"1024\" height=\"683\" data-id=\"3927\" src=\"https:\/\/ms-hartkirchen.at\/wp-content\/uploads\/2024\/10\/IMG_9618-1024x683.jpg\" alt=\"\" class=\"wp-image-3927\" srcset=\"https:\/\/ms-hartkirchen.at\/wp-content\/uploads\/2024\/10\/IMG_9618-1024x683.jpg 1024w, https:\/\/ms-hartkirchen.at\/wp-content\/uploads\/2024\/10\/IMG_9618-300x200.jpg 300w, https:\/\/ms-hartkirchen.at\/wp-content\/uploads\/2024\/10\/IMG_9618-768x512.jpg 768w, https:\/\/ms-hartkirchen.at\/wp-content\/uploads\/2024\/10\/IMG_9618-1536x1024.jpg 1536w, https:\/\/ms-hartkirchen.at\/wp-content\/uploads\/2024\/10\/IMG_9618-2048x1365.jpg 2048w\" sizes=\"auto, (max-width: 1024px) 100vw, 1024px\" \/><\/figure>\n\n\n\n<figure class=\"wp-block-image size-large\"><img loading=\"lazy\" decoding=\"async\" width=\"1024\" height=\"683\" data-id=\"3929\" src=\"https:\/\/ms-hartkirchen.at\/wp-content\/uploads\/2024\/10\/IMG_9611-1024x683.jpg\" alt=\"\" class=\"wp-image-3929\" srcset=\"https:\/\/ms-hartkirchen.at\/wp-content\/uploads\/2024\/10\/IMG_9611-1024x683.jpg 1024w, https:\/\/ms-hartkirchen.at\/wp-content\/uploads\/2024\/10\/IMG_9611-300x200.jpg 300w, https:\/\/ms-hartkirchen.at\/wp-content\/uploads\/2024\/10\/IMG_9611-768x512.jpg 768w, https:\/\/ms-hartkirchen.at\/wp-content\/uploads\/2024\/10\/IMG_9611-1536x1024.jpg 1536w, https:\/\/ms-hartkirchen.at\/wp-content\/uploads\/2024\/10\/IMG_9611-2048x1365.jpg 2048w\" sizes=\"auto, (max-width: 1024px) 100vw, 1024px\" \/><\/figure>\n\n\n\n<figure class=\"wp-block-image size-large\"><img loading=\"lazy\" decoding=\"async\" width=\"1024\" height=\"683\" data-id=\"3928\" src=\"https:\/\/ms-hartkirchen.at\/wp-content\/uploads\/2024\/10\/IMG_9608-1024x683.jpg\" alt=\"\" class=\"wp-image-3928\" srcset=\"https:\/\/ms-hartkirchen.at\/wp-content\/uploads\/2024\/10\/IMG_9608-1024x683.jpg 1024w, https:\/\/ms-hartkirchen.at\/wp-content\/uploads\/2024\/10\/IMG_9608-300x200.jpg 300w, https:\/\/ms-hartkirchen.at\/wp-content\/uploads\/2024\/10\/IMG_9608-768x512.jpg 768w, https:\/\/ms-hartkirchen.at\/wp-content\/uploads\/2024\/10\/IMG_9608-1536x1024.jpg 1536w, https:\/\/ms-hartkirchen.at\/wp-content\/uploads\/2024\/10\/IMG_9608-2048x1365.jpg 2048w\" sizes=\"auto, (max-width: 1024px) 100vw, 1024px\" \/><\/figure>\n\n\n\n<figure class=\"wp-block-image size-large\"><img loading=\"lazy\" decoding=\"async\" width=\"1024\" height=\"683\" data-id=\"3931\" src=\"https:\/\/ms-hartkirchen.at\/wp-content\/uploads\/2024\/10\/IMG_9624-1024x683.jpg\" alt=\"\" class=\"wp-image-3931\" srcset=\"https:\/\/ms-hartkirchen.at\/wp-content\/uploads\/2024\/10\/IMG_9624-1024x683.jpg 1024w, https:\/\/ms-hartkirchen.at\/wp-content\/uploads\/2024\/10\/IMG_9624-300x200.jpg 300w, https:\/\/ms-hartkirchen.at\/wp-content\/uploads\/2024\/10\/IMG_9624-768x512.jpg 768w, https:\/\/ms-hartkirchen.at\/wp-content\/uploads\/2024\/10\/IMG_9624-1536x1024.jpg 1536w, https:\/\/ms-hartkirchen.at\/wp-content\/uploads\/2024\/10\/IMG_9624-2048x1365.jpg 2048w\" sizes=\"auto, (max-width: 1024px) 100vw, 1024px\" \/><\/figure>\n\n\n\n<figure class=\"wp-block-image size-large\"><img loading=\"lazy\" decoding=\"async\" width=\"1024\" height=\"687\" data-id=\"3930\" src=\"https:\/\/ms-hartkirchen.at\/wp-content\/uploads\/2024\/10\/IMG_9612a-1024x687.jpg\" alt=\"\" class=\"wp-image-3930\" srcset=\"https:\/\/ms-hartkirchen.at\/wp-content\/uploads\/2024\/10\/IMG_9612a-1024x687.jpg 1024w, https:\/\/ms-hartkirchen.at\/wp-content\/uploads\/2024\/10\/IMG_9612a-300x201.jpg 300w, https:\/\/ms-hartkirchen.at\/wp-content\/uploads\/2024\/10\/IMG_9612a-768x516.jpg 768w, https:\/\/ms-hartkirchen.at\/wp-content\/uploads\/2024\/10\/IMG_9612a-1536x1031.jpg 1536w, https:\/\/ms-hartkirchen.at\/wp-content\/uploads\/2024\/10\/IMG_9612a-2048x1375.jpg 2048w\" sizes=\"auto, (max-width: 1024px) 100vw, 1024px\" \/><\/figure>\n\n\n\n<figure class=\"wp-block-image size-large\"><img loading=\"lazy\" decoding=\"async\" width=\"412\" height=\"1024\" data-id=\"3919\" src=\"https:\/\/ms-hartkirchen.at\/wp-content\/uploads\/2024\/10\/IMG-20241013-WA0023-412x1024.jpg\" alt=\"\" class=\"wp-image-3919\" srcset=\"https:\/\/ms-hartkirchen.at\/wp-content\/uploads\/2024\/10\/IMG-20241013-WA0023-412x1024.jpg 412w, https:\/\/ms-hartkirchen.at\/wp-content\/uploads\/2024\/10\/IMG-20241013-WA0023-121x300.jpg 121w, https:\/\/ms-hartkirchen.at\/wp-content\/uploads\/2024\/10\/IMG-20241013-WA0023-618x1536.jpg 618w, https:\/\/ms-hartkirchen.at\/wp-content\/uploads\/2024\/10\/IMG-20241013-WA0023.jpg 644w\" sizes=\"auto, (max-width: 412px) 100vw, 412px\" \/><\/figure>\n\n\n\n<figure class=\"wp-block-image size-large\"><img loading=\"lazy\" decoding=\"async\" width=\"576\" height=\"1024\" data-id=\"3917\" src=\"https:\/\/ms-hartkirchen.at\/wp-content\/uploads\/2024\/10\/IMG-20241013-WA0025-576x1024.jpg\" alt=\"\" class=\"wp-image-3917\" srcset=\"https:\/\/ms-hartkirchen.at\/wp-content\/uploads\/2024\/10\/IMG-20241013-WA0025-576x1024.jpg 576w, https:\/\/ms-hartkirchen.at\/wp-content\/uploads\/2024\/10\/IMG-20241013-WA0025-169x300.jpg 169w, https:\/\/ms-hartkirchen.at\/wp-content\/uploads\/2024\/10\/IMG-20241013-WA0025-768x1365.jpg 768w, https:\/\/ms-hartkirchen.at\/wp-content\/uploads\/2024\/10\/IMG-20241013-WA0025-864x1536.jpg 864w, https:\/\/ms-hartkirchen.at\/wp-content\/uploads\/2024\/10\/IMG-20241013-WA0025.jpg 900w\" sizes=\"auto, (max-width: 576px) 100vw, 576px\" \/><\/figure>\n<\/figure>\n\n\n\n<p><\/p>\n\n\n\n<figure class=\"wp-block-image size-large\"><img loading=\"lazy\" decoding=\"async\" width=\"1024\" height=\"687\" src=\"https:\/\/ms-hartkirchen.at\/wp-content\/uploads\/2024\/10\/IMG_9612a-1024x687.jpg\" alt=\"\" class=\"wp-image-3930\" srcset=\"https:\/\/ms-hartkirchen.at\/wp-content\/uploads\/2024\/10\/IMG_9612a-1024x687.jpg 1024w, https:\/\/ms-hartkirchen.at\/wp-content\/uploads\/2024\/10\/IMG_9612a-300x201.jpg 300w, https:\/\/ms-hartkirchen.at\/wp-content\/uploads\/2024\/10\/IMG_9612a-768x516.jpg 768w, https:\/\/ms-hartkirchen.at\/wp-content\/uploads\/2024\/10\/IMG_9612a-1536x1031.jpg 1536w, https:\/\/ms-hartkirchen.at\/wp-content\/uploads\/2024\/10\/IMG_9612a-2048x1375.jpg 2048w\" sizes=\"auto, (max-width: 1024px) 100vw, 1024px\" \/><\/figure>\n","protected":false},"excerpt":{"rendered":"<p>Mittelschule Hartkirchen goes Musiktheater Linz Dass im Linzer Musiktheater in der neuen Saison Wonderland gespielt wird, wussten die damaligen 3. Klassler:innen der Mittelschule im vergangenen [&hellip;]<\/p>\n","protected":false},"author":1,"featured_media":0,"parent":0,"menu_order":0,"comment_status":"closed","ping_status":"closed","template":"","meta":{"footnotes":""},"class_list":["post-4037","page","type-page","status-publish","hentry"],"publishpress_future_action":{"enabled":false,"date":"2026-05-17 12:58:48","action":"change-status","newStatus":"draft","terms":[],"taxonomy":"","extraData":[]},"publishpress_future_workflow_manual_trigger":{"enabledWorkflows":[]},"_links":{"self":[{"href":"https:\/\/ms-hartkirchen.at\/index.php?rest_route=\/wp\/v2\/pages\/4037","targetHints":{"allow":["GET"]}}],"collection":[{"href":"https:\/\/ms-hartkirchen.at\/index.php?rest_route=\/wp\/v2\/pages"}],"about":[{"href":"https:\/\/ms-hartkirchen.at\/index.php?rest_route=\/wp\/v2\/types\/page"}],"author":[{"embeddable":true,"href":"https:\/\/ms-hartkirchen.at\/index.php?rest_route=\/wp\/v2\/users\/1"}],"replies":[{"embeddable":true,"href":"https:\/\/ms-hartkirchen.at\/index.php?rest_route=%2Fwp%2Fv2%2Fcomments&post=4037"}],"version-history":[{"count":4,"href":"https:\/\/ms-hartkirchen.at\/index.php?rest_route=\/wp\/v2\/pages\/4037\/revisions"}],"predecessor-version":[{"id":4438,"href":"https:\/\/ms-hartkirchen.at\/index.php?rest_route=\/wp\/v2\/pages\/4037\/revisions\/4438"}],"wp:attachment":[{"href":"https:\/\/ms-hartkirchen.at\/index.php?rest_route=%2Fwp%2Fv2%2Fmedia&parent=4037"}],"curies":[{"name":"wp","href":"https:\/\/api.w.org\/{rel}","templated":true}]}}